when 125 is divided by 103.
22
Calculate the remainder when 133 is divided by 10.
3
Calculate the remainder when 751 is divided by 36.
31
Calculate the remainder when 770 is divided by 87.
74
What is the remainder when 99 is divided by 36?
27
What is the remainder when 342 is divided by 39?
30
What is the remainder when 146 is divided by 46?
8
What is the remainder when 1060 is divided by 133?
129
Calculate the remainder when 87 is divided by 35.
17
What is the remainder when 1632 is divided by 23?
22
Calculate the remainder when 106 is divided by 54.
52
Calculate the remainder when 256 is divided by 248.
8
Calculate the remainder when 4027 is divided by 17.
15
What is the remainder when 7 is divided by 4?
3
What is the remainder when 2820 is divided by 403?
402
Calculate the remainder when 45 is divided by 11.
1
What is the remainder when 229 is divided by 16?
5
What is the remainder when 1762 is divided by 50?
12
Calculate the remainder when 176 is divided by 25.
1
Calculate the remainder when 261 is divided by 108.
45
Calculate the remainder when 541 is divided by 119.
65
Calculate the remainder when 81 is divided by 34.
13
What is the remainder when 2333 is divided by 57?
53
What is the remainder when 38 is divided by 8?
6
Calculate the remainder when 5878 is divided by 24.
22
What is the remainder when 37 is divided by 8?
5
Calculate the remainder when 165 is divided by 6.
3
What is the remainder when 727 is divided by 193?
148
Calculate the remainder when 90 is divided by 28.
6
Calculate the remainder when 870 is divided by 147.
135
Calculate the remainder when 25 is divided by 25.
0
Calculate the remainder when 546 is divided by 21.
0
What is the remainder when 1096 is divided by 122?
120
Calculate the remainder when 219 is divided by 115.
104
What is the remainder when 1055 is divided by 23?
20
Calculate the remainder when 6061 is divided by 11.
0
Calculate the remainder when 59 is divided by 42.
17
Calculate the remainder when 379 is divided by 30.
19
Calculate the remainder when 383 is divided by 43.
39
What is the remainder when 271 is divided by 46?
41
What is the remainder when 68 is divided by 21?
5
Calculate the remainder when 287 is divided by 34.
15
What is the remainder when 16 is divided by 7?
2
Calculate the remainder when 299 is divided by 10.
9
What is the remainder when 1323 is divided by 1313?
10
Calculate the remainder when 22 is divided by 4.
2
What is the remainder when 1371 is divided by 28?
27
What is the remainder when 122 is divided by 63?
59
What is the remainder when 10894 is divided by 11?
4
What is the remainder when 1059 is divided by 525?
9
What is the remainder when 1844 is divided by 26?
24
What is the remainder when 357 is divided by 91?
84
What is the remainder when 2911 is divided by 52?
51
Calculate the remainder when 10518 is divided by 157.
156
What is the remainder when 1104 is divided by 17?
16
Calculate the remainder when 361 is divided by 200.
161
Calculate the remainder when 238 is divided by 84.
70
What is the remainder when 166 is divided by 52?
10
What is the remainder when 283 is divided by 100?
83
What is the remainder when 2674 is divided by 19?
14
Calculate the remainder when 28 is divided by 19.
9
What is the remainder when 2683 is divided by 34?
31
What is the remainder when 1174 is divided by 391?
1
What is the remainder when 571 is divided by 130?
51
What is the remainder when 1403 is divided by 128?
123
Calculate the remainder when 4391 is divided by 151.
12
What is the remainder when 2719 is divided by 273?
262
What is the remainder when 1535 is divided by 81?
77
Calculate the remainder when 23631 is divided by 112.
111
What is the remainder when 43 is divided by 17?
9
Calculate the remainder when 491 is divided by 45.
41
Calculate the remainder when 177 is divided by 9.
6
Calculate the remainder when 722 is divided by 13.
7
What is the remainder when 3020 is divided by 63?
59
What is the remainder when 3001 is divided by 47?
40
What is the remainder when 247 is divided by 121?
5
Calculate the remainder when 10784 is divided by 67.
64
Calculate the remainder when 585 is divided by 7.
4
Calculate the remainder when 3292 is divided by 89.
88
What is the remainder when 51 is divided by 15?
6
Calculate the remainder when 616 is divided by 3.
1
What is the remainder when 174 is divided by 60?
54
Calculate the remainder when 1058 is divided by 25.
8
What is the remainder when 80 is divided by 18?
8
Calculate the remainder when 303 is divided by 79.
66
What is the remainder when 440 is divided by 13?
11
Calculate the remainder when 75 is divided by 19.
18
What is the remainder when 480 is divided by 23?
20
Calculate the remainder when 206 is divided by 147.
59
Calculate the remainder when 35 is divided by 23.
12
What is the remainder when 50 is divided by 22?
6
Calculate the remainder when 1505 is divided by 85.
60
Calculate the remainder when 80 is divided by 27.
26
Calculate the remainder when 678 is divided by 24.
6
What is the remainder when 90 is divided by 32?
26
Calculate the remainder when 1882 is divided by 12.
10
What is the remainder when 84 is divided by 31?
22
Calculate the remainder when 1851 is divided by 263.
10
Calculate the remainder when 10925 is divided by 16.
13
What is the remainder when 191 is divided by 63?
2
Calculate the remainder when 859 is divided by 61.
5
Calculate the remainder when 173 is divided by 10.
3
What is the remainder when 84 is divided by 31?
22
Calculate the remainder when 5665 is divided by 26.
23
Calculate the remainder when 353 is divided by 49.
10
What is the remainder when 47 is divided by 12?
11
Calculate the remainder when 652 is divided by 228.
196
What is the remainder when 680 is divided by 116?
100
What is the remainder when 228 is divided by 161?
67
Calculate the remainder when 322 is divided by 19.
18
Calculate the remainder when 538 is divided by 45.
43
Calculate the remainder when 429 is divided by 329.
100
What is the remainder when 267 is divided by 6?
3
Calculate the remainder when 253 is divided by 32.
29
Calculate the remainder when 48415 is divided by 43.
40
Calculate the remainder when 882 is divided by 59.
56
Calculate the remainder when 44 is divided by 15.
14
Calculate the remainder when 37 is divided by 26.
11
What is the remainder when 254 is divided by 21?
2
What is the remainder when 7656 is divided by 23?
20
Calculate the remainder when 2434 is divided by 28.
26
Calculate the remainder when 659 is divided by 298.
63
Calculate the remainder when 304 is divided by 132.
40
What is the remainder when 227 is divided by 23?
20
What is the remainder when 90 is divided by 41?
8
Calculate the remainder when 336 is divided by 45.
21
Calculate the remainder when 265 is divided by 89.
87
Calculate the remainder when 657 is divided by 60.
57
Calculate the remainder when 7377 is divided by 10.
7
What is the remainder when 63 is divided by 62?
1
Calculate the remainder when 495 is divided by 66.
33
Calculate the remainder when 646 is divided by 130.
126
Calculate the remainder when 346 is divided by 25.
21
Calculate the remainder when 157 is divided by 4.
1
What is the remainder when 280 is divided by 240?
40
What is the remainder when 78 is divided by 22?
12
Calculate the remainder when 3061 is divided by 283.
231
Calculate the remainder when 1238 is divided by 140.
118
Calculate the remainder when 166 is divided by 8.
6
Calculate the remainder when 678 is divided by 4.
2
What is the remainder when 328 is divided by 291?
37
What is the remainder when 192 is divided by 70?
52
What is the remainder when 193 is divided by 88?
17
What is the remainder when 4989 is divided by 24?
21
Calculate the remainder when 202 is divided by 16.
10
Calculate the remainder when 149 is divided by 100.
49
Calculate the remainder when 2463 is divided by 1229.
5
Calculate the remainder when 294 is divided by 11.
8
What is the remainder when 385 is divided by 190?
5
Calculate the remainder when 350 is divided by 139.
72
What is the remainder when 2392 is divided by 791?
19
Calculate the remainder when 234 is divided by 234.
0
Calculate the remainder when 692 is divided by 677.
15
Calculate the remainder when 1624 is divided by 1609.
15
What is the r